23
List the prime factors of 82102049.
41, 317, 6317
What are the prime factors of 4181576566?
2, 907, 2305169
List the prime factors of 94029061.
7, 13432723
What are the prime factors of 3855360433?
19, 202913707
What are the prime factors of 101538553?
331, 306763
What are the prime factors of 1909755143?
331, 5769653
What are the prime factors of 90833744?
2, 101, 56209
What are the prime factors of 25555070?
2, 5, 23, 111109
What are the prime factors of 206917057?
241, 858577
What are the prime factors of 207188975?
5, 7, 157, 7541
What are the prime factors of 63963166?
2, 31981583
What are the prime factors of 60988898?
2, 19, 61, 83, 317
List the prime factors of 68882883.
3, 2099, 10939
What are the prime factors of 1750207452?
2, 3, 7, 20835803
What are the prime factors of 2431539366?
2, 3, 405256561
List the prime factors of 21776203.
379, 57457
What are the prime factors of 306872888?
2, 7, 782839
What are the prime factors of 993027444?
2, 3, 82752287
List the prime factors of 204963245.
5, 5413, 7573
List the prime factors of 316087257.
3, 3137, 33587
What are the prime factors of 169867357?
11, 457, 33791
List the prime factors of 853534367.
7, 121933481
What are the prime factors of 254983010?
2, 5, 71, 197, 1823
List the prime factors of 129490483.
23, 5630021
What are the prime factors of 2878508552?
2, 73, 4928953
List the prime factors of 42829049.
42829049
What are the prime factors of 64147705?
5, 19, 675239
List the prime factors of 450826666.
2, 569, 396157
List the prime factors of 1334717163.
3, 13, 23, 165331
List the prime factors of 167359654.
2, 7, 11, 73, 14887
What are the prime factors of 363728542?
2, 887, 205033
What are the prime factors of 3227041233?
3, 13, 27581549
What are the prime factors of 3939111493?
3939111493
List the prime factors of 423184445.
5, 101, 199, 4211
What are the prime factors of 4031668209?
3, 1343889403
List the prime factors of 49434892.
2, 13, 950671
List the prime factors of 35170988.
2, 31, 283637
List the prime factors of 1906362679.
13, 146643283
What are the prime factors of 22563242?
2, 13, 867817
What are the prime factors of 1234627827?
3, 67, 167, 36781
List the prime factors of 90395638.
2, 71, 257, 2477
What are the prime factors of 15796122?
2, 3, 2632687
List the prime factors of 284380419.
3, 751, 126223
List the prime factors of 1351796079.
3, 1481, 304253
What are the prime factors of 6439799195?
5, 1287959839
What are the prime factors of 89549627?
631, 141917
List the prime factors of 19506316.
2, 31, 47, 3347
What are the prime factors of 238112759?
9277, 25667
What are the prime factors of 100176107?
9439, 10613
What are the prime factors of 82329655?
5, 127, 317, 409
List the prime factors of 497012.
2, 17, 7309
List the prime factors of 191502359.
191502359
List the prime factors of 1047355493.
4817, 217429
List the prime factors of 277716014.
2, 138858007
What are the prime factors of 442665323?
2347, 188609
List the prime factors of 5927829933.
3, 19403, 101837
List the prime factors of 96146251.
19, 5060329
List the prime factors of 165867154.
2, 82933577
List the prime factors of 174815730.
2, 3, 5, 53, 67, 547
List the prime factors of 510962837.
7, 11, 67, 14149
List the prime factors of 26226464.
2, 11, 74507
List the prime factors of 14874329.
14874329
What are the prime factors of 13660609?
13660609
List the prime factors of 134384487.
3, 44794829
What are the prime factors of 2148153820?
2, 5, 107407691
What are the prime factors of 147299985?
3, 5, 7, 17, 53, 173
List the prime factors of 3587107.
1499, 2393
List the prime factors of 342176943.
3, 2909, 39209
What are the prime factors of 1202650664?
2, 37, 47, 137, 631
What are the prime factors of 402328941?
3, 7, 41, 43, 10867
What are the prime factors of 1732585633?
27299, 63467
What are the prime factors of 59561685?
3, 5, 1323593
List the prime factors of 1495254744.
2, 3, 31, 239, 2803
List the prime factors of 2660873.
2660873
List the prime factors of 2946995266.
2, 19, 227, 341641
List the prime factors of 2251254791.
2251254791
What are the prime factors of 57777897?
3, 41, 53, 8863
List the prime factors of 22814639.
43, 67, 7919
What are the prime factors of 180005650?
2, 5, 11, 29753
List the prime factors of 44836193.
37, 1211789
What are the prime factors of 1030824289?
11, 8519209
What are the prime factors of 68132193?
3, 251, 90481
List the prime factors of 3172104229.
7, 64736821
List the prime factors of 101988318.
2, 3, 2213, 7681
What are the prime factors of 4635644957?
157, 1523, 19387
List the prime factors of 101852103.
3, 19, 281, 6359
List the prime factors of 1407951747.
3, 17, 3067433
What are the prime factors of 136991316?
2, 3, 7, 11, 37, 4007
List the prime factors of 55929792.
2, 3, 37, 7873
List the prime factors of 42201631.
151, 279481
What are the prime factors of 509486539?
19, 223, 120247
List the prime factors of 1487671260.
2, 3, 5, 47, 641, 823
List the prime factors of 1901296890.
2, 3, 5, 21125521
What are the prime factors of 801896189?
31, 2411, 10729
List the prime factors of 321726379.
13, 24748183
What are the prime factors of 352180733?
211, 1669103
List the prime factors of 350281144.
2, 43785143
List the prime factors of 129858317.
29, 4477873
What are the prime factors of 60294676?
2, 13, 19, 61027
List the prime factors of 467854272.
2, 3, 270749
List the prime factors of 53316948.
2, 3, 4443079
List the prime factors of 408329825.
5, 67, 433, 563
What are the prime factors of 2571324093?
3, 13, 19, 137, 8443
List the prime factors of 78409575.
3, 5, 348487
What are the prime factors of 1326013749?
3, 101, 491, 2971
What are the prime factors of 153287744?
2, 19, 37, 3407
List the prime factors of 3750435932.
2, 937608983
What are the prime factors of 725930197?
725930197
What are the prime factors of 273492473?
883, 309731
What are the prime factors of 165353119?
67, 2467957
List the prime factors of 5075692266.
2, 3, 845948711
What are the prime factors of 56163987?
3, 11, 397, 1429
List the prime factors of 3720554800.
2, 5, 9301387
List the prime factors of 93943188.
2, 3, 2609533
What are the prime factors of 3068611?
7, 13, 33721
List the prime factors of 4189594627.
4189594627
What are the prime factors of 294779029?
67, 151, 29137
What are the prime factors of 150231614?
2, 13, 79, 73141
List the prime factors of 165596389.
7, 23, 31, 33179
List the prime factors of 81093333.
3, 619, 43669
What are the prime factors of 646140320?
2, 5, 7, 41, 14071
What are the prime factors of 362243030?
2, 5, 36224303
What are the prime factors of 2774660765?
5, 283, 1960891
List the prime factors of 1245827236.
2, 311456809
What are the prime factors of 264655098?
2, 3, 457, 32173
List the prime factors of 124478556.
2, 3, 17, 29, 53, 397
What are the prime factors of 941928438?
2, 3, 11, 823, 17341
List the prime factors of 560894226.
2, 3, 17, 5498963
What are the prime factors of 236722450?
2, 5, 17, 278497
What are the prime factors of 68717582?
2, 461, 74531
List the prime factors of 377137811.
1151, 327661
List the prime factors of 87027033.
3, 47, 227, 2719
List the prime factors of 54568842.
2, 3, 9094807
What are the prime factors of 1262344413?
3, 11, 103, 371387
What are the prime factors of 691061153?
691061153
List the prime factors of 23161559.
23161559
List the prime factors of 88061261.
88061261
List the prime factors of 162705160.
2, 5, 4067629
List the prime factors of 146997554.
2, 11, 23, 290509
List the prime factors of 299142121.
299142121
List the prime factors of 56713351.
56713351
What are the prime factors of 406588087?
19, 127, 168499
What are the prime factors of 152565583?
283, 539101
What are the prime factors of 351020300?
2, 5, 3510203
List the prime factors of 24168709.
43, 67, 8389
List the prime factors of 837774409.
1049, 798641
List the prime factors of 521645438.
2, 7499, 34781
List the prime factors of 561695585.
5, 11, 10212647
List the prime factors of 115069107.
3, 17, 132721
What are the prime factors of 361828518?
2, 3, 283, 213091
What are the prime factors of 166223713?
166223713
What are the prime factors of 12453860?
2, 5, 17, 36629
List the prime factors of 48213570.
2, 3, 5, 53, 30323
What a